CRAN Package Check Results for Package fdaMixed

Last updated on 2022-10-04 07:49:47 CEST.

Flavor Version Tinstall Tcheck Ttotal Status Flags
r-devel-linux-x86_64-debian-clang 0.6 106.04 36.90 142.94 OK
r-devel-linux-x86_64-debian-gcc 0.6 86.76 28.16 114.92 OK
r-devel-linux-x86_64-fedora-clang 0.6 213.40 OK
r-devel-linux-x86_64-fedora-gcc 0.6 213.88 OK
r-devel-windows-x86_64 0.6 78.00 90.00 168.00 OK
r-patched-linux-x86_64 0.6 92.48 35.56 128.04 OK
r-release-linux-x86_64 0.6 87.33 35.09 122.42 OK
r-release-macos-arm64 0.6 50.00 NOTE
r-release-macos-x86_64 0.6 63.00 NOTE
r-release-windows-x86_64 0.6 99.00 80.00 179.00 OK
r-oldrel-macos-arm64 0.6 54.00 NOTE
r-oldrel-macos-x86_64 0.6 83.00 NOTE
r-oldrel-windows-ix86+x86_64 0.6 248.00 96.00 344.00 OK

Check Details

Version: 0.6
Check: installed package size
Result: NOTE
     installed size is 8.4Mb
     sub-directories of 1Mb or more:
     libs 8.3Mb
Flavors: r-release-macos-arm64, r-release-macos-x86_64, r-oldrel-macos-arm64, r-oldrel-macos-x86_64