CRAN Package Check Results for Package fda.usc

Last updated on 2020-09-22 14:04:56 CEST.

Flavor Version Tinstall Tcheck Ttotal Status Flags
r-devel-linux-x86_64-debian-clang 2.0.2 42.57 217.35 259.92 OK
r-devel-linux-x86_64-debian-gcc 2.0.2 37.14 174.17 211.31 OK
r-devel-linux-x86_64-fedora-clang 2.0.2 332.52 NOTE
r-devel-linux-x86_64-fedora-gcc 2.0.2 336.03 NOTE
r-devel-windows-ix86+x86_64 2.0.2 75.00 256.00 331.00 OK
r-patched-linux-x86_64 2.0.2 43.09 214.98 258.07 OK
r-patched-solaris-x86 2.0.2 382.20 NOTE
r-release-linux-x86_64 2.0.2 41.90 216.18 258.08 OK
r-release-macos-x86_64 2.0.2 NOTE
r-release-windows-ix86+x86_64 2.0.2 76.00 305.00 381.00 OK
r-oldrel-macos-x86_64 2.0.2 NOTE
r-oldrel-windows-ix86+x86_64 2.0.2 52.00 277.00 329.00 OK

Check Details

Version: 2.0.2
Check: data for non-ASCII characters
Result: NOTE
     Note: found 76 marked UTF-8 strings
Flavors: r-devel-linux-x86_64-fedora-clang, r-devel-linux-x86_64-fedora-gcc, r-patched-solaris-x86, r-release-macos-x86_64, r-oldrel-macos-x86_64