CRAN Package Check Results for Package fcirt

Last updated on 2022-10-02 21:53:41 CEST.

Flavor Version Tinstall Tcheck Ttotal Status Flags
r-devel-linux-x86_64-debian-clang 0.1.0 133.49 117.90 251.39 NOTE
r-devel-linux-x86_64-debian-gcc 0.1.0 113.37 91.51 204.88 NOTE
r-devel-linux-x86_64-fedora-clang 0.1.0 319.75 NOTE
r-devel-linux-x86_64-fedora-gcc 0.1.0 373.56 NOTE
r-devel-windows-x86_64 0.1.0 95.00 173.00 268.00 NOTE
r-patched-linux-x86_64 0.1.0 93.86 117.92 211.78 NOTE
r-release-linux-x86_64 0.1.0 88.18 118.10 206.28 NOTE
r-release-macos-arm64 0.1.0 98.00 NOTE
r-release-macos-x86_64 0.1.0 187.00 NOTE
r-release-windows-x86_64 0.1.0 96.00 173.00 269.00 NOTE
r-oldrel-macos-arm64 0.1.0 78.00 NOTE
r-oldrel-macos-x86_64 0.1.0 108.00 NOTE
r-oldrel-windows-ix86+x86_64 0.1.0 218.00 18.00 236.00 ERROR

Check Details

Version: 0.1.0
Check: for GNU extensions in Makefiles
Result: NOTE
    GNU make is a SystemRequirements.
Flavors: r-devel-linux-x86_64-debian-clang, r-devel-linux-x86_64-debian-gcc, r-devel-linux-x86_64-fedora-clang, r-devel-linux-x86_64-fedora-gcc, r-devel-windows-x86_64, r-patched-linux-x86_64, r-release-linux-x86_64, r-release-macos-arm64, r-release-macos-x86_64, r-release-windows-x86_64, r-oldrel-macos-arm64, r-oldrel-macos-x86_64

Version: 0.1.0
Check: dependencies in R code
Result: NOTE
    Namespaces in Imports field not imported from:
     ‘RcppParallel’ ‘rstantools’
     All declared Imports should be used.
Flavors: r-devel-linux-x86_64-fedora-clang, r-devel-linux-x86_64-fedora-gcc, r-release-macos-arm64, r-release-macos-x86_64, r-oldrel-macos-arm64, r-oldrel-macos-x86_64

Version: 0.1.0
Check: installed package size
Result: NOTE
     installed size is 33.4Mb
     sub-directories of 1Mb or more:
     libs 32.9Mb
Flavors: r-release-macos-arm64, r-release-macos-x86_64, r-oldrel-macos-arm64, r-oldrel-macos-x86_64

Version: 0.1.0
Check: whether package can be installed
Result: ERROR
    Installation failed.
Flavor: r-oldrel-windows-ix86+x86_64