CRAN Package Check Results for Package fcd

Last updated on 2020-10-28 01:49:33 CET.

Flavor Version Tinstall Tcheck Ttotal Status Flags
r-devel-linux-x86_64-debian-clang 0.1 7.44 57.03 64.47 NOTE
r-devel-linux-x86_64-debian-gcc 0.1 6.38 43.83 50.21 NOTE
r-devel-linux-x86_64-fedora-clang 0.1 88.00 NOTE
r-devel-linux-x86_64-fedora-gcc 0.1 76.41 NOTE
r-devel-windows-ix86+x86_64 0.1 17.00 73.00 90.00 NOTE
r-patched-linux-x86_64 0.1 NOTE
r-patched-solaris-x86 0.1 112.40 NOTE
r-release-linux-x86_64 0.1 6.54 52.82 59.36 NOTE
r-release-macos-x86_64 0.1 NOTE
r-release-windows-ix86+x86_64 0.1 11.00 56.00 67.00 NOTE
r-oldrel-macos-x86_64 0.1 NOTE
r-oldrel-windows-ix86+x86_64 0.1 15.00 70.00 85.00 NOTE

Check Details

Version: 0.1
Check: dependencies in R code
Result: NOTE
    Packages in Depends field not imported from:
     'MASS' 'combinat' 'glmnet'
     These packages need to be imported from (in the NAMESPACE file)
     for when this namespace is loaded but not attached.
Flavors: r-devel-linux-x86_64-debian-clang, r-devel-linux-x86_64-debian-gcc, r-devel-linux-x86_64-fedora-clang, r-devel-linux-x86_64-fedora-gcc, r-devel-windows-ix86+x86_64, r-patched-linux-x86_64, r-patched-solaris-x86, r-release-linux-x86_64, r-release-macos-x86_64, r-release-windows-ix86+x86_64, r-oldrel-macos-x86_64, r-oldrel-windows-ix86+x86_64

Version: 0.1
Check: R code for possible problems
Result: NOTE
    fcd.cluster: no visible global function definition for 'kmeans'
    fcd.start: no visible global function definition for 'ginv'
    fcd.start: no visible global function definition for 'glmnet'
    gen.dcbm: no visible global function definition for 'rbinom'
    gen.sbm: no visible global function definition for 'rbinom'
    mis.cluster: no visible global function definition for 'permn'
    spectral.clustering: no visible global function definition for 'kmeans'
    Undefined global functions or variables:
     ginv glmnet kmeans permn rbinom
    Consider adding
     importFrom("stats", "kmeans", "rbinom")
    to your NAMESPACE file.
Flavors: r-devel-linux-x86_64-debian-clang, r-devel-linux-x86_64-debian-gcc, r-devel-linux-x86_64-fedora-clang, r-devel-linux-x86_64-fedora-gcc, r-devel-windows-ix86+x86_64, r-patched-linux-x86_64, r-patched-solaris-x86, r-release-linux-x86_64, r-release-macos-x86_64, r-release-windows-ix86+x86_64, r-oldrel-macos-x86_64, r-oldrel-windows-ix86+x86_64