CRAN Package Check Results for Package fastrmodels

Last updated on 2022-10-06 01:49:47 CEST.

Flavor Version Tinstall Tcheck Ttotal Status Flags
r-devel-linux-x86_64-debian-clang 1.0.2 50.41 84.12 134.53 OK
r-devel-linux-x86_64-debian-gcc 1.0.2 44.67 63.79 108.46 OK
r-devel-linux-x86_64-fedora-clang 1.0.2 184.43 NOTE
r-devel-linux-x86_64-fedora-gcc 1.0.2 193.91 OK
r-devel-windows-x86_64 1.0.2 58.00 102.00 160.00 NOTE
r-patched-linux-x86_64 1.0.2 49.09 81.24 130.33 OK
r-release-linux-x86_64 1.0.2 52.97 78.42 131.39 OK
r-release-macos-arm64 1.0.2 70.00 NOTE
r-release-macos-x86_64 1.0.2 85.00 NOTE
r-release-windows-x86_64 1.0.2 62.00 102.00 164.00 NOTE
r-oldrel-macos-arm64 1.0.2 93.00 NOTE
r-oldrel-macos-x86_64 1.0.2 122.00 NOTE
r-oldrel-windows-ix86+x86_64 1.0.2 74.00 104.00 178.00 NOTE

Check Details

Version: 1.0.2
Check: installed package size
Result: NOTE
     installed size is 15.8Mb
     sub-directories of 1Mb or more:
     data 15.7Mb
Flavors: r-devel-linux-x86_64-fedora-clang, r-devel-windows-x86_64, r-release-macos-arm64, r-release-macos-x86_64, r-release-windows-x86_64, r-oldrel-macos-arm64, r-oldrel-macos-x86_64, r-oldrel-windows-ix86+x86_64