CRAN Package Check Results for Package fastmit

Last updated on 2022-10-01 01:49:04 CEST.

Flavor Version Tinstall Tcheck Ttotal Status Flags
r-devel-linux-x86_64-debian-clang 0.1.1 77.83 31.75 109.58 NOTE
r-devel-linux-x86_64-debian-gcc 0.1.1 57.61 24.09 81.70 NOTE
r-devel-linux-x86_64-fedora-clang 0.1.1 176.07 NOTE
r-devel-linux-x86_64-fedora-gcc 0.1.1 158.47 NOTE
r-devel-windows-x86_64 0.1.1 37.00 77.00 114.00 NOTE
r-patched-linux-x86_64 0.1.1 60.73 30.21 90.94 NOTE
r-release-linux-x86_64 0.1.1 63.29 31.01 94.30 NOTE
r-release-macos-arm64 0.1.1 36.00 NOTE
r-release-macos-x86_64 0.1.1 49.00 NOTE
r-release-windows-x86_64 0.1.1 38.00 77.00 115.00 NOTE
r-oldrel-macos-arm64 0.1.1 38.00 NOTE
r-oldrel-macos-x86_64 0.1.1 63.00 NOTE
r-oldrel-windows-ix86+x86_64 0.1.1 104.00 79.00 183.00 NOTE

Check Details

Version: 0.1.1
Check: LazyData
Result: NOTE
     'LazyData' is specified without a 'data' directory
Flavors: r-devel-linux-x86_64-debian-clang, r-devel-linux-x86_64-debian-gcc, r-devel-linux-x86_64-fedora-clang, r-devel-linux-x86_64-fedora-gcc, r-devel-windows-x86_64, r-patched-linux-x86_64, r-release-linux-x86_64, r-release-macos-arm64, r-release-macos-x86_64, r-release-windows-x86_64, r-oldrel-macos-arm64, r-oldrel-macos-x86_64, r-oldrel-windows-ix86+x86_64