CRAN Package Check Results for Package fastai

Last updated on 2022-10-07 06:53:09 CEST.

Flavor Version Tinstall Tcheck Ttotal Status Flags
r-devel-linux-x86_64-debian-clang 2.2.0 27.63 247.15 274.78 OK
r-devel-linux-x86_64-debian-gcc 2.2.0 21.42 186.00 207.42 OK
r-devel-linux-x86_64-fedora-clang 2.2.0 409.29 NOTE
r-devel-linux-x86_64-fedora-gcc 2.2.0 393.23 OK
r-devel-windows-x86_64 2.2.0 215.00 517.00 732.00 NOTE
r-patched-linux-x86_64 2.2.0 39.77 223.89 263.66 OK
r-release-linux-x86_64 2.2.0 27.12 221.17 248.29 OK
r-release-macos-arm64 2.2.0 103.00 NOTE
r-release-macos-x86_64 2.2.0 174.00 NOTE
r-release-windows-x86_64 2.2.0 230.00 402.00 632.00 NOTE
r-oldrel-macos-arm64 2.2.0 95.00 NOTE
r-oldrel-macos-x86_64 2.2.0 158.00 NOTE
r-oldrel-windows-ix86+x86_64 2.2.0 64.00 321.00 385.00 NOTE

Check Details

Version: 2.2.0
Check: installed package size
Result: NOTE
     installed size is 5.1Mb
     sub-directories of 1Mb or more:
     doc 3.0Mb
     help 1.2Mb
Flavors: r-devel-linux-x86_64-fedora-clang, r-devel-windows-x86_64, r-release-macos-arm64, r-release-macos-x86_64, r-release-windows-x86_64, r-oldrel-macos-arm64, r-oldrel-macos-x86_64, r-oldrel-windows-ix86+x86_64