CRAN Package Check Results for Package factset.analyticsapi.engines

Last updated on 2020-05-29 07:53:56 CEST.

Flavor Version Tinstall Tcheck Ttotal Status Flags
r-devel-linux-x86_64-debian-clang 3.0.1 39.49 31.82 71.31 OK
r-devel-linux-x86_64-debian-gcc 3.0.1 33.79 25.27 59.06 OK
r-devel-linux-x86_64-fedora-clang 3.0.1 89.91 NOTE
r-devel-linux-x86_64-fedora-gcc 3.0.1 89.00 NOTE
r-devel-windows-ix86+x86_64 3.0.1 59.00 58.00 117.00 OK
r-patched-linux-x86_64 3.0.1 36.37 31.73 68.10 OK
r-patched-solaris-x86 3.0.1 109.50 NOTE
r-release-linux-x86_64 3.0.1 36.05 32.23 68.28 OK
r-release-osx-x86_64 3.0.1 NOTE
r-release-windows-ix86+x86_64 3.0.1 49.00 58.00 107.00 OK
r-oldrel-osx-x86_64 3.0.1 NOTE
r-oldrel-windows-ix86+x86_64 3.0.1 40.00 43.00 83.00 OK

Check Details

Version: 3.0.1
Check: dependencies in R code
Result: NOTE
    Namespaces in Imports field not imported from:
     ‘R6’ ‘caTools’ ‘httr’ ‘jsonlite’ ‘rlang’
     All declared Imports should be used.
Flavors: r-devel-linux-x86_64-fedora-clang, r-devel-linux-x86_64-fedora-gcc, r-patched-solaris-x86, r-release-osx-x86_64, r-oldrel-osx-x86_64