CRAN Package Check Results for Package fabricerin

Last updated on 2022-10-02 12:55:52 CEST.

Flavor Version Tinstall Tcheck Ttotal Status Flags
r-devel-linux-x86_64-debian-clang 0.1.2 2.62 22.96 25.58 NOTE
r-devel-linux-x86_64-debian-gcc 0.1.2 1.93 17.99 19.92 NOTE
r-devel-linux-x86_64-fedora-clang 0.1.2 43.14 NOTE
r-devel-linux-x86_64-fedora-gcc 0.1.2 43.08 NOTE
r-devel-windows-x86_64 0.1.2 14.00 49.00 63.00 NOTE
r-patched-linux-x86_64 0.1.2 2.50 21.66 24.16 NOTE
r-release-linux-x86_64 0.1.2 2.23 21.41 23.64 NOTE
r-release-macos-arm64 0.1.2 14.00 NOTE
r-release-macos-x86_64 0.1.2 21.00 NOTE
r-release-windows-x86_64 0.1.2 21.00 46.00 67.00 NOTE
r-oldrel-macos-arm64 0.1.2 18.00 NOTE
r-oldrel-macos-x86_64 0.1.2 24.00 NOTE
r-oldrel-windows-ix86+x86_64 0.1.2 6.00 45.00 51.00 NOTE

Check Details

Version: 0.1.2
Check: LazyData
Result: NOTE
     'LazyData' is specified without a 'data' directory
Flavors: r-devel-linux-x86_64-debian-clang, r-devel-linux-x86_64-debian-gcc, r-devel-linux-x86_64-fedora-clang, r-devel-linux-x86_64-fedora-gcc, r-devel-windows-x86_64, r-patched-linux-x86_64, r-release-linux-x86_64, r-release-macos-arm64, r-release-macos-x86_64, r-release-windows-x86_64, r-oldrel-macos-arm64, r-oldrel-macos-x86_64, r-oldrel-windows-ix86+x86_64