CRAN Package Check Results for Package fAsianOptions

Last updated on 2020-07-07 02:08:14 CEST.

Flavor Version Tinstall Tcheck Ttotal Status Flags
r-devel-linux-x86_64-debian-clang 3042.82 11.67 58.72 70.39 OK
r-devel-linux-x86_64-debian-gcc 3042.82 8.80 45.24 54.04 OK
r-devel-linux-x86_64-fedora-clang 3042.82 92.28 NOTE
r-devel-linux-x86_64-fedora-gcc 3042.82 82.55 NOTE
r-devel-windows-ix86+x86_64 3042.82 22.00 94.00 116.00 OK
r-patched-linux-x86_64 3042.82 11.99 57.73 69.72 OK
r-patched-solaris-x86 3042.82 115.80 OK
r-release-linux-x86_64 3042.82 10.53 58.69 69.22 OK
r-release-osx-x86_64 3042.82 OK
r-release-windows-ix86+x86_64 3042.82 22.00 89.00 111.00 OK
r-oldrel-osx-x86_64 3042.82 WARN
r-oldrel-windows-ix86+x86_64 3042.82 38.00 116.00 154.00 OK

Check Details

Version: 3042.82
Check: compiled code
Result: NOTE
    File ‘fAsianOptions/libs/fAsianOptions.so’:
     Found no calls to: ‘R_registerRoutines’, ‘R_useDynamicSymbols’
    
    It is good practice to register native routines and to disable symbol
    search.
    
    See ‘Writing portable packages’ in the ‘Writing R Extensions’ manual.
Flavors: r-devel-linux-x86_64-fedora-clang, r-devel-linux-x86_64-fedora-gcc

Version: 3042.82
Check: whether package can be installed
Result: WARN
    Found the following significant warnings:
     Warning: ‘i’ is used uninitialized in this function [-Wuninitialized]
Flavor: r-oldrel-osx-x86_64