CRAN Package Check Results for Package ezglm

Last updated on 2020-05-24 22:48:03 CEST.

Flavor Version Tinstall Tcheck Ttotal Status Flags
r-devel-linux-x86_64-debian-clang 1.0 3.32 17.18 20.50 NOTE
r-devel-linux-x86_64-debian-gcc 1.0 3.02 13.79 16.81 NOTE
r-devel-linux-x86_64-fedora-clang 1.0 26.55 NOTE
r-devel-linux-x86_64-fedora-gcc 1.0 25.66 NOTE
r-devel-windows-ix86+x86_64 1.0 15.00 47.00 62.00 NOTE
r-patched-linux-x86_64 1.0 3.79 17.41 21.20 NOTE
r-patched-solaris-x86 1.0 39.70 NOTE
r-release-linux-x86_64 1.0 3.73 17.27 21.00 NOTE
r-release-osx-x86_64 1.0 NOTE
r-release-windows-ix86+x86_64 1.0 11.00 35.00 46.00 NOTE
r-oldrel-osx-x86_64 1.0 NOTE
r-oldrel-windows-ix86+x86_64 1.0 12.00 50.00 62.00 NOTE

Check Details

Version: 1.0
Check: DESCRIPTION meta-information
Result: NOTE
    Malformed Title field: should not end in a period.
Flavors: r-devel-linux-x86_64-debian-clang, r-devel-linux-x86_64-debian-gcc, r-devel-linux-x86_64-fedora-clang, r-devel-linux-x86_64-fedora-gcc, r-devel-windows-ix86+x86_64, r-patched-linux-x86_64, r-patched-solaris-x86, r-release-linux-x86_64, r-release-osx-x86_64, r-release-windows-ix86+x86_64, r-oldrel-osx-x86_64, r-oldrel-windows-ix86+x86_64

Version: 1.0
Check: compiled code
Result: NOTE
    File ‘ezglm/libs/ezglm.so’:
     Found no calls to: ‘R_registerRoutines’, ‘R_useDynamicSymbols’
    
    It is good practice to register native routines and to disable symbol
    search.
    
    See ‘Writing portable packages’ in the ‘Writing R Extensions’ manual.
Flavors: r-devel-linux-x86_64-fedora-clang, r-devel-linux-x86_64-fedora-gcc