CRAN Package Check Results for Package eyeRead

Last updated on 2022-08-12 06:49:19 CEST.

Flavor Version Tinstall Tcheck Ttotal Status Flags
r-devel-linux-x86_64-debian-clang 0.0.4 5.64 61.66 67.30 NOTE
r-devel-linux-x86_64-debian-gcc 0.0.4 4.32 45.53 49.85 NOTE
r-devel-linux-x86_64-fedora-clang 0.0.4 93.09 NOTE
r-devel-linux-x86_64-fedora-gcc 0.0.4 85.58 NOTE
r-devel-windows-x86_64 0.0.4 18.00 86.00 104.00 NOTE
r-patched-linux-x86_64 0.0.4 5.29 56.10 61.39 OK
r-release-linux-x86_64 0.0.4 4.01 56.67 60.68 OK
r-release-macos-arm64 0.0.4 27.00 OK
r-release-macos-x86_64 0.0.4 50.00 OK
r-release-windows-x86_64 0.0.4 13.00 88.00 101.00 OK
r-oldrel-macos-arm64 0.0.4 31.00 OK
r-oldrel-macos-x86_64 0.0.4 43.00 OK
r-oldrel-windows-ix86+x86_64 0.0.4 14.00 75.00 89.00 OK

Check Details

Version: 0.0.4
Check: Rd files
Result: NOTE
    checkRd: (-1) codePasses.Rd:64: Escaped LaTeX specials: \#
Flavors: r-devel-linux-x86_64-debian-clang, r-devel-linux-x86_64-debian-gcc, r-devel-linux-x86_64-fedora-clang, r-devel-linux-x86_64-fedora-gcc, r-devel-windows-x86_64