CRAN Package Check Results for Package expDB

Last updated on 2024-05-26 00:56:15 CEST.

Flavor Version Tinstall Tcheck Ttotal Status Flags
r-devel-linux-x86_64-debian-clang 0.1.0 6.31 48.31 54.62 OK
r-devel-linux-x86_64-debian-gcc 0.1.0 4.93 36.12 41.05 OK
r-devel-linux-x86_64-fedora-clang 0.1.0 71.82 NOTE
r-devel-linux-x86_64-fedora-gcc 0.1.0 63.72 NOTE
r-devel-windows-x86_64 0.1.0 7.00 60.00 67.00 OK
r-patched-linux-x86_64 0.1.0 4.73 46.23 50.96 OK
r-release-linux-x86_64 0.1.0 4.48 46.51 50.99 OK
r-release-macos-arm64 0.1.0 23.00 OK
r-release-windows-x86_64 0.1.0 8.00 61.00 69.00 OK
r-oldrel-macos-arm64 0.1.0 25.00 OK
r-oldrel-macos-x86_64 0.1.0 38.00 OK
r-oldrel-windows-x86_64 0.1.0 10.00 66.00 76.00 OK

Check Details

Version: 0.1.0
Check: dependencies in R code
Result: NOTE Namespace in Imports field not imported from: ‘tidyverse’ All declared Imports should be used. Flavors: r-devel-linux-x86_64-fedora-clang, r-devel-linux-x86_64-fedora-gcc