CRAN Package Check Results for Package exifr

Last updated on 2022-10-01 01:49:04 CEST.

Flavor Version Tinstall Tcheck Ttotal Status Flags
r-devel-linux-x86_64-debian-clang 0.3.2 2.45 67.16 69.61 NOTE
r-devel-linux-x86_64-debian-gcc 0.3.2 2.41 49.63 52.04 NOTE
r-devel-linux-x86_64-fedora-clang 0.3.2 103.72 NOTE
r-devel-linux-x86_64-fedora-gcc 0.3.2 104.73 NOTE
r-devel-windows-x86_64 0.3.2 38.00 122.00 160.00 NOTE
r-patched-linux-x86_64 0.3.2 2.63 66.90 69.53 NOTE
r-release-linux-x86_64 0.3.2 2.84 66.21 69.05 NOTE
r-release-macos-arm64 0.3.2 32.00 NOTE
r-release-macos-x86_64 0.3.2 49.00 NOTE
r-release-windows-x86_64 0.3.2 37.00 110.00 147.00 NOTE
r-oldrel-macos-arm64 0.3.2 42.00 NOTE
r-oldrel-macos-x86_64 0.3.2 47.00 NOTE
r-oldrel-windows-ix86+x86_64 0.3.2 15.00 119.00 134.00 NOTE

Check Details

Version: 0.3.2
Check: LazyData
Result: NOTE
     'LazyData' is specified without a 'data' directory
Flavors: r-devel-linux-x86_64-debian-clang, r-devel-linux-x86_64-debian-gcc, r-devel-linux-x86_64-fedora-clang, r-devel-linux-x86_64-fedora-gcc, r-devel-windows-x86_64, r-patched-linux-x86_64, r-release-linux-x86_64, r-release-macos-arm64, r-release-macos-x86_64, r-release-windows-x86_64, r-oldrel-macos-arm64, r-oldrel-macos-x86_64, r-oldrel-windows-ix86+x86_64

Version: 0.3.2
Check: installed package size
Result: NOTE
     installed size is 14.2Mb
     sub-directories of 1Mb or more:
     exiftool 14.1Mb
Flavors: r-devel-windows-x86_64, r-release-macos-arm64, r-release-macos-x86_64, r-release-windows-x86_64, r-oldrel-macos-arm64, r-oldrel-macos-x86_64