CRAN Package Check Results for Package exifr

Last updated on 2020-09-22 14:04:56 CEST.

Flavor Version Tinstall Tcheck Ttotal Status Flags
r-devel-linux-x86_64-debian-clang 0.3.1 2.78 65.27 68.05 OK
r-devel-linux-x86_64-debian-gcc 0.3.1 2.40 48.85 51.25 OK
r-devel-linux-x86_64-fedora-clang 0.3.1 95.41 OK
r-devel-linux-x86_64-fedora-gcc 0.3.1 84.11 OK
r-devel-windows-ix86+x86_64 0.3.1 10.00 100.00 110.00 OK
r-patched-linux-x86_64 0.3.1 3.15 65.21 68.36 OK
r-patched-solaris-x86 0.3.1 106.30 NOTE
r-release-linux-x86_64 0.3.1 2.91 64.49 67.40 OK
r-release-macos-x86_64 0.3.1 NOTE
r-release-windows-ix86+x86_64 0.3.1 10.00 88.00 98.00 OK
r-oldrel-macos-x86_64 0.3.1 NOTE
r-oldrel-windows-ix86+x86_64 0.3.1 10.00 92.00 102.00 OK

Check Details

Version: 0.3.1
Check: installed package size
Result: NOTE
     installed size is 14.6Mb
     sub-directories of 1Mb or more:
     exiftool 14.5Mb
Flavors: r-patched-solaris-x86, r-release-macos-x86_64, r-oldrel-macos-x86_64