CRAN Package Check Results for Package exams

Last updated on 2022-10-05 21:53:33 CEST.

Flavor Version Tinstall Tcheck Ttotal Status Flags
r-devel-linux-x86_64-debian-clang 2.3-6 13.96 189.12 203.08 NOTE
r-devel-linux-x86_64-debian-gcc 2.3-6 13.85 145.40 159.25 NOTE
r-devel-linux-x86_64-fedora-clang 2.3-6 282.26 NOTE
r-devel-linux-x86_64-fedora-gcc 2.3-6 275.56 NOTE
r-devel-windows-x86_64 2.3-6 52.00 384.00 436.00 NOTE
r-patched-linux-x86_64 2.3-6 16.76 181.88 198.64 OK
r-release-linux-x86_64 2.3-6 13.84 182.20 196.04 OK
r-release-macos-arm64 2.3-6 137.00 OK
r-release-macos-x86_64 2.3-6 182.00 OK
r-release-windows-x86_64 2.3-6 62.00 405.00 467.00 OK
r-oldrel-macos-arm64 2.3-6 173.00 OK
r-oldrel-macos-x86_64 2.3-6 294.00 OK
r-oldrel-windows-ix86+x86_64 2.3-6 24.00 368.00 392.00 OK

Check Details

Version: 2.3-6
Check: Rd files
Result: NOTE
    checkRd: (-1) exams2blackboard.Rd:152: Escaped LaTeX specials: \&
    checkRd: (-1) exams2qti12.Rd:186: Escaped LaTeX specials: \&
Flavors: r-devel-linux-x86_64-debian-clang, r-devel-linux-x86_64-debian-gcc, r-devel-linux-x86_64-fedora-clang, r-devel-linux-x86_64-fedora-gcc, r-devel-windows-x86_64