CRAN Package Check Results for Package evolqg

Last updated on 2020-05-31 13:47:54 CEST.

Flavor Version Tinstall Tcheck Ttotal Status Flags
r-devel-linux-x86_64-debian-clang 0.2-7 40.39 287.46 327.85 OK
r-devel-linux-x86_64-debian-gcc 0.2-7 30.68 202.13 232.81 OK
r-devel-linux-x86_64-fedora-clang 0.2-7 388.00 NOTE
r-devel-linux-x86_64-fedora-gcc 0.2-7 373.78 NOTE
r-devel-windows-ix86+x86_64 0.2-7 114.00 497.00 611.00 OK
r-patched-linux-x86_64 0.2-7 33.63 278.07 311.70 OK
r-patched-solaris-x86 0.2-7 467.80 NOTE
r-release-linux-x86_64 0.2-7 32.52 277.94 310.46 OK
r-release-osx-x86_64 0.2-7 NOTE
r-release-windows-ix86+x86_64 0.2-7 88.00 618.00 706.00 OK
r-oldrel-osx-x86_64 0.2-7 NOTE
r-oldrel-windows-ix86+x86_64 0.2-7 77.00 458.00 535.00 OK

Additional issues

MKL

Check Details

Version: 0.2-7
Check: dependencies in R code
Result: NOTE
    Namespace in Imports field not imported from: ‘Rcpp’
     All declared Imports should be used.
Flavors: r-devel-linux-x86_64-fedora-clang, r-devel-linux-x86_64-fedora-gcc, r-patched-solaris-x86, r-release-osx-x86_64, r-oldrel-osx-x86_64