CRAN Package Check Results for Package evolMap

Last updated on 2024-06-18 12:55:52 CEST.

Flavor Version Tinstall Tcheck Ttotal Status Flags
r-devel-linux-x86_64-debian-clang 1.2.33 4.29 35.01 39.30 OK
r-devel-linux-x86_64-debian-gcc 1.2.33 2.77 26.91 29.68 OK
r-devel-linux-x86_64-fedora-clang 1.2.33 48.75 NOTE
r-devel-linux-x86_64-fedora-gcc 1.2.33 46.32 NOTE
r-devel-windows-x86_64 1.2.33 5.00 56.00 61.00 OK
r-patched-linux-x86_64 1.2.33 3.81 34.56 38.37 OK
r-release-linux-x86_64 1.2.33 3.35 34.47 37.82 OK
r-release-macos-arm64 1.2.33 25.00 OK
r-release-macos-x86_64 1.2.33 33.00 OK
r-release-windows-x86_64 1.2.33 4.00 57.00 61.00 OK
r-oldrel-macos-arm64 1.2.33 24.00 OK
r-oldrel-macos-x86_64 1.2.33 32.00 OK
r-oldrel-windows-x86_64 1.2.33 6.00 59.00 65.00 OK

Check Details

Version: 1.2.33
Check: data for non-ASCII characters
Result: NOTE Note: found 10 marked UTF-8 strings Flavors: r-devel-linux-x86_64-fedora-clang, r-devel-linux-x86_64-fedora-gcc