CRAN Package Check Results for Package evidence

Last updated on 2022-10-06 18:49:49 CEST.

Flavor Version Tinstall Tcheck Ttotal Status Flags
r-devel-linux-x86_64-debian-clang 0.8.10 26.32 232.39 258.71 NOTE
r-devel-linux-x86_64-debian-gcc 0.8.10 13.06 168.33 181.39 NOTE
r-devel-linux-x86_64-fedora-clang 0.8.10 334.17 NOTE
r-devel-linux-x86_64-fedora-gcc 0.8.10 320.79 NOTE
r-devel-windows-x86_64 0.8.10 51.00 266.00 317.00 NOTE
r-patched-linux-x86_64 0.8.10 27.69 217.21 244.90 OK
r-release-linux-x86_64 0.8.10 21.45 212.85 234.30 OK
r-release-macos-arm64 0.8.10 80.00 OK
r-release-macos-x86_64 0.8.10 132.00 OK
r-release-windows-x86_64 0.8.10 43.00 253.00 296.00 OK
r-oldrel-macos-arm64 0.8.10 90.00 OK
r-oldrel-macos-x86_64 0.8.10 153.00 OK
r-oldrel-windows-ix86+x86_64 0.8.10 35.00 249.00 284.00 OK

Check Details

Version: 0.8.10
Check: Rd files
Result: NOTE
    checkRd: (-1) Snoring.Rd:21: Escaped LaTeX specials: \&
Flavors: r-devel-linux-x86_64-debian-clang, r-devel-linux-x86_64-debian-gcc, r-devel-linux-x86_64-fedora-clang, r-devel-linux-x86_64-fedora-gcc, r-devel-windows-x86_64