CRAN Package Check Results for Package evgam

Last updated on 2023-02-03 00:50:58 CET.

Flavor Version Tinstall Tcheck Ttotal Status Flags
r-devel-linux-x86_64-debian-clang 1.0.0 227.78 64.64 292.42 NOTE
r-devel-linux-x86_64-debian-gcc 1.0.0 167.03 49.52 216.55 NOTE
r-devel-linux-x86_64-fedora-clang 1.0.0 435.99 NOTE
r-devel-linux-x86_64-fedora-gcc 1.0.0 391.06 NOTE
r-patched-linux-x86_64 1.0.0 184.98 61.46 246.44 OK
r-release-linux-x86_64 1.0.0 186.33 61.44 247.77 OK
r-release-macos-arm64 1.0.0 92.00 NOTE
r-release-macos-x86_64 1.0.0 110.00 NOTE
r-release-windows-x86_64 1.0.0 174.00 127.00 301.00 OK
r-oldrel-macos-arm64 1.0.0 86.00 NOTE
r-oldrel-macos-x86_64 1.0.0 108.00 NOTE
r-oldrel-windows-ix86+x86_64 1.0.0 538.00 124.00 662.00 OK

Check Details

Version: 1.0.0
Check: C++ specification
Result: NOTE
     Specified C++11: please update to current default of C++17
Flavors: r-devel-linux-x86_64-debian-clang, r-devel-linux-x86_64-debian-gcc, r-devel-linux-x86_64-fedora-clang, r-devel-linux-x86_64-fedora-gcc

Version: 1.0.0
Check: installed package size
Result: NOTE
     installed size is 7.5Mb
     sub-directories of 1Mb or more:
     libs 6.7Mb
Flavors: r-release-macos-arm64, r-release-macos-x86_64, r-oldrel-macos-arm64, r-oldrel-macos-x86_64