CRAN Package Check Results for Package eulerr

Last updated on 2020-10-29 13:48:43 CET.

Flavor Version Tinstall Tcheck Ttotal Status Flags
r-devel-linux-x86_64-debian-clang 6.1.0 73.09 74.31 147.40 OK
r-devel-linux-x86_64-debian-gcc 6.1.0 51.62 57.28 108.90 OK
r-devel-linux-x86_64-fedora-clang 6.1.0 205.18 OK
r-devel-linux-x86_64-fedora-gcc 6.1.0 187.26 OK
r-devel-windows-ix86+x86_64 6.1.0 168.00 138.00 306.00 OK
r-patched-linux-x86_64 6.1.0 68.13 70.56 138.69 OK
r-patched-solaris-x86 6.1.0 191.20 OK
r-release-linux-x86_64 6.1.0 64.97 70.66 135.63 OK
r-release-macos-x86_64 6.1.0 NOTE
r-release-windows-ix86+x86_64 6.1.0 138.00 134.00 272.00 OK
r-oldrel-macos-x86_64 6.1.0 OK
r-oldrel-windows-ix86+x86_64 6.1.0 145.00 141.00 286.00 OK

Check Details

Version: 6.1.0
Check: installed package size
Result: NOTE
     installed size is 5.1Mb
     sub-directories of 1Mb or more:
     doc 1.1Mb
     libs 3.2Mb
Flavor: r-release-macos-x86_64