Last updated on 2023-02-05 00:55:19 CET.
Flavor | Version | Tinstall | Tcheck | Ttotal | Status | Flags |
---|---|---|---|---|---|---|
r-devel-linux-x86_64-debian-clang | 0.1.0 | 0.72 | 2.12 | 2.84 | ERROR | |
r-devel-linux-x86_64-debian-gcc | 0.1.0 | 0.67 | 1.56 | 2.23 | ERROR | |
r-devel-linux-x86_64-fedora-clang | 0.1.0 | 529.69 | OK | |||
r-devel-linux-x86_64-fedora-gcc | 0.1.0 | 357.39 | OK | |||
r-devel-windows-x86_64 | 0.1.0 | 75.00 | 468.00 | 543.00 | OK | |
r-patched-linux-x86_64 | 0.1.0 | 0.54 | 3.23 | 3.77 | ERROR | |
r-release-linux-x86_64 | 0.1.0 | 0.58 | 3.03 | 3.61 | ERROR | |
r-release-macos-arm64 | 0.1.0 | 154.00 | OK | |||
r-release-macos-x86_64 | 0.1.0 | 200.00 | OK | |||
r-release-windows-x86_64 | 0.1.0 | 57.00 | 480.00 | 537.00 | OK | |
r-oldrel-macos-arm64 | 0.1.0 | 148.00 | OK | |||
r-oldrel-macos-x86_64 | 0.1.0 | 199.00 | OK | |||
r-oldrel-windows-ix86+x86_64 | 0.1.0 | 29.00 | 469.00 | 498.00 | OK |
Version: 0.1.0
Check: package dependencies
Result: ERROR
Package required but not available: ‘TDA’
See section ‘The DESCRIPTION file’ in the ‘Writing R Extensions’
manual.
Flavors: r-devel-linux-x86_64-debian-clang, r-devel-linux-x86_64-debian-gcc, r-patched-linux-x86_64, r-release-linux-x86_64