CRAN Package Check Results for Package errum

Last updated on 2022-10-01 01:49:03 CEST.

Flavor Version Tinstall Tcheck Ttotal Status Flags
r-devel-linux-x86_64-debian-clang 0.0.3 37.42 32.12 69.54 NOTE
r-devel-linux-x86_64-debian-gcc 0.0.3 31.06 24.47 55.53 NOTE
r-devel-linux-x86_64-fedora-clang 0.0.3 114.34 NOTE
r-devel-linux-x86_64-fedora-gcc 0.0.3 108.12 NOTE
r-devel-windows-x86_64 0.0.3 36.00 78.00 114.00 NOTE
r-patched-linux-x86_64 0.0.3 35.71 30.15 65.86 NOTE
r-release-linux-x86_64 0.0.3 32.45 30.18 62.63 NOTE
r-release-macos-arm64 0.0.3 28.00 NOTE
r-release-macos-x86_64 0.0.3 37.00 NOTE
r-release-windows-x86_64 0.0.3 34.00 79.00 113.00 NOTE
r-oldrel-macos-arm64 0.0.3 34.00 NOTE
r-oldrel-macos-x86_64 0.0.3 51.00 NOTE
r-oldrel-windows-ix86+x86_64 0.0.3 91.00 90.00 181.00 NOTE

Check Details

Version: 0.0.3
Check: LazyData
Result: NOTE
     'LazyData' is specified without a 'data' directory
Flavors: r-devel-linux-x86_64-debian-clang, r-devel-linux-x86_64-debian-gcc, r-devel-linux-x86_64-fedora-clang, r-devel-linux-x86_64-fedora-gcc, r-devel-windows-x86_64, r-patched-linux-x86_64, r-release-linux-x86_64, r-release-macos-arm64, r-release-macos-x86_64, r-release-windows-x86_64, r-oldrel-macos-arm64, r-oldrel-macos-x86_64, r-oldrel-windows-ix86+x86_64