CRAN Package Check Results for Package err

Last updated on 2022-11-27 06:52:55 CET.

Flavor Version Tinstall Tcheck Ttotal Status Flags
r-devel-linux-x86_64-debian-clang 0.2.0 2.25 24.25 26.50 NOTE
r-devel-linux-x86_64-debian-gcc 0.2.0 1.82 19.10 20.92 NOTE
r-devel-linux-x86_64-fedora-clang 0.2.0 44.00 NOTE
r-devel-linux-x86_64-fedora-gcc 0.2.0 43.89 NOTE
r-devel-windows-x86_64 0.2.0 16.00 55.00 71.00 NOTE
r-patched-linux-x86_64 0.2.0 1.72 23.25 24.97 NOTE
r-release-linux-x86_64 0.2.0 1.87 23.73 25.60 NOTE
r-release-macos-arm64 0.2.0 16.00 NOTE
r-release-macos-x86_64 0.2.0 20.00 NOTE
r-release-windows-x86_64 0.2.0 8.00 51.00 59.00 NOTE
r-oldrel-macos-arm64 0.2.0 23.00 NOTE
r-oldrel-macos-x86_64 0.2.0 25.00 NOTE
r-oldrel-windows-ix86+x86_64 0.2.0 5.00 46.00 51.00 NOTE

Check Details

Version: 0.2.0
Check: LazyData
Result: NOTE
     'LazyData' is specified without a 'data' directory
Flavors: r-devel-linux-x86_64-debian-clang, r-devel-linux-x86_64-debian-gcc, r-devel-linux-x86_64-fedora-clang, r-devel-linux-x86_64-fedora-gcc, r-devel-windows-x86_64, r-patched-linux-x86_64, r-release-linux-x86_64, r-release-macos-arm64, r-release-macos-x86_64, r-release-windows-x86_64, r-oldrel-macos-arm64, r-oldrel-macos-x86_64, r-oldrel-windows-ix86+x86_64