CRAN Package Check Results for Package ergmito

Last updated on 2022-10-07 21:51:05 CEST.

Flavor Version Tinstall Tcheck Ttotal Status Flags
r-devel-linux-x86_64-debian-clang 0.3-0 132.26 247.39 379.65 WARN
r-devel-linux-x86_64-debian-gcc 0.3-0 101.96 185.63 287.59 OK
r-devel-linux-x86_64-fedora-clang 0.3-0 531.21 WARN
r-devel-linux-x86_64-fedora-gcc 0.3-0 470.45 OK
r-devel-windows-x86_64 0.3-0 112.00 307.00 419.00 OK
r-patched-linux-x86_64 0.3-0 114.19 233.76 347.95 OK
r-release-linux-x86_64 0.3-0 107.48 231.72 339.20 OK
r-release-macos-arm64 0.3-0 118.00 NOTE
r-release-macos-x86_64 0.3-0 159.00 NOTE
r-release-windows-x86_64 0.3-0 120.00 303.00 423.00 OK
r-oldrel-macos-arm64 0.3-0 126.00 NOTE
r-oldrel-macos-x86_64 0.3-0 146.00 NOTE
r-oldrel-windows-ix86+x86_64 0.3-0 269.00 457.00 726.00 OK

Additional issues

clang14

Check Details

Version: 0.3-0
Check: whether package can be installed
Result: WARN
    Found the following significant warnings:
     induced_submat.cpp:25:11: warning: use of bitwise '|' with boolean operands [-Wbitwise-instead-of-logical]
     induced_submat.cpp:27:11: warning: use of bitwise '|' with boolean operands [-Wbitwise-instead-of-logical]
Flavors: r-devel-linux-x86_64-debian-clang, r-devel-linux-x86_64-fedora-clang

Version: 0.3-0
Check: installed package size
Result: NOTE
     installed size is 5.8Mb
     sub-directories of 1Mb or more:
     libs 4.3Mb
Flavors: r-release-macos-arm64, r-release-macos-x86_64, r-oldrel-macos-arm64, r-oldrel-macos-x86_64