CRAN Package Check Results for Package ergmclust

Last updated on 2022-10-06 21:49:52 CEST.

Flavor Version Tinstall Tcheck Ttotal Status Flags
r-devel-linux-x86_64-debian-clang 1.0.0 49.01 81.03 130.04 WARN
r-devel-linux-x86_64-debian-gcc 1.0.0 37.16 60.07 97.23 OK
r-devel-linux-x86_64-fedora-clang 1.0.0 186.91 WARN
r-devel-linux-x86_64-fedora-gcc 1.0.0 184.96 OK
r-devel-windows-x86_64 1.0.0 46.00 133.00 179.00 OK
r-patched-linux-x86_64 1.0.0 38.08 75.45 113.53 OK
r-release-linux-x86_64 1.0.0 42.15 75.04 117.19 OK
r-release-macos-arm64 1.0.0 46.00 OK
r-release-macos-x86_64 1.0.0 84.00 OK
r-release-windows-x86_64 1.0.0 62.00 135.00 197.00 OK
r-oldrel-macos-arm64 1.0.0 52.00 OK
r-oldrel-macos-x86_64 1.0.0 81.00 OK
r-oldrel-windows-ix86+x86_64 1.0.0 124.00 159.00 283.00 OK

Additional issues

clang14

Check Details

Version: 1.0.0
Check: whether package can be installed
Result: WARN
    Found the following significant warnings:
     directed.cpp:65:30: warning: use of bitwise '&' with boolean operands [-Wbitwise-instead-of-logical]
     directed.cpp:66:30: warning: use of bitwise '&' with boolean operands [-Wbitwise-instead-of-logical]
     directed.cpp:67:30: warning: use of bitwise '&' with boolean operands [-Wbitwise-instead-of-logical]
     directed.cpp:96:28: warning: use of bitwise '&' with boolean operands [-Wbitwise-instead-of-logical]
     directed.cpp:97:28: warning: use of bitwise '&' with boolean operands [-Wbitwise-instead-of-logical]
     directed.cpp:121:28: warning: use of bitwise '&' with boolean operands [-Wbitwise-instead-of-logical]
     directed.cpp:256:28: warning: use of bitwise '&' with boolean operands [-Wbitwise-instead-of-logical]
     directed.cpp:257:28: warning: use of bitwise '&' with boolean operands [-Wbitwise-instead-of-logical]
     directed.cpp:258:28: warning: use of bitwise '&' with boolean operands [-Wbitwise-instead-of-logical]
     directed.cpp:269:10: warning: use of bitwise '&' with boolean operands [-Wbitwise-instead-of-logical]
     directed.cpp:291:24: warning: use of bitwise '&' with boolean operands [-Wbitwise-instead-of-logical]
     directed.cpp:292:24: warning: use of bitwise '&' with boolean operands [-Wbitwise-instead-of-logical]
     directed.cpp:307:24: warning: use of bitwise '&' with boolean operands [-Wbitwise-instead-of-logical]
     directed.cpp:367:24: warning: use of bitwise '&' with boolean operands [-Wbitwise-instead-of-logical]
     directed.cpp:368:24: warning: use of bitwise '&' with boolean operands [-Wbitwise-instead-of-logical]
     directed.cpp:369:24: warning: use of bitwise '&' with boolean operands [-Wbitwise-instead-of-logical]
     undirected.cpp:141:10: warning: use of bitwise '&' with boolean operands [-Wbitwise-instead-of-logical]
Flavors: r-devel-linux-x86_64-debian-clang, r-devel-linux-x86_64-fedora-clang