CRAN Package Check Results for Package equivalence

Last updated on 2020-10-26 13:46:56 CET.

Flavor Version Tinstall Tcheck Ttotal Status Flags
r-devel-linux-x86_64-debian-clang 0.7.2 6.52 51.93 58.45 OK
r-devel-linux-x86_64-debian-gcc 0.7.2 5.72 39.16 44.88 OK
r-devel-linux-x86_64-fedora-clang 0.7.2 78.43 NOTE
r-devel-linux-x86_64-fedora-gcc 0.7.2 66.87 NOTE
r-devel-windows-ix86+x86_64 0.7.2 19.00 92.00 111.00 OK
r-patched-linux-x86_64 0.7.2 5.66 48.00 53.66 OK
r-patched-solaris-x86 0.7.2 93.50 OK
r-release-linux-x86_64 0.7.2 6.29 47.35 53.64 OK
r-release-macos-x86_64 0.7.2 OK
r-release-windows-ix86+x86_64 0.7.2 15.00 65.00 80.00 OK
r-oldrel-macos-x86_64 0.7.2 OK
r-oldrel-windows-ix86+x86_64 0.7.2 16.00 65.00 81.00 OK

Check Details

Version: 0.7.2
Check: compiled code
Result: NOTE
    File ‘equivalence/libs/equivalence.so’:
     Found no calls to: ‘R_registerRoutines’, ‘R_useDynamicSymbols’
    
    It is good practice to register native routines and to disable symbol
    search.
    
    See ‘Writing portable packages’ in the ‘Writing R Extensions’ manual.
Flavors: r-devel-linux-x86_64-fedora-clang, r-devel-linux-x86_64-fedora-gcc