CRAN Package Check Results for Package epo

Last updated on 2025-01-23 12:54:56 CET.

Flavor Version Tinstall Tcheck Ttotal Status Flags
r-devel-linux-x86_64-debian-clang 0.1.0 1.42 18.93 20.35 OK
r-devel-linux-x86_64-debian-gcc 0.1.0 1.42 15.60 17.02 OK
r-devel-linux-x86_64-fedora-clang 0.1.0 33.72 NOTE
r-devel-linux-x86_64-fedora-gcc 0.1.0 31.87 NOTE
r-devel-windows-x86_64 0.1.0 3.00 43.00 46.00 OK
r-patched-linux-x86_64 0.1.0 1.51 18.16 19.67 OK
r-release-linux-x86_64 0.1.0 1.54 18.00 19.54 OK
r-release-macos-arm64 0.1.0 15.00 OK
r-release-macos-x86_64 0.1.0 21.00 OK
r-release-windows-x86_64 0.1.0 3.00 40.00 43.00 OK
r-oldrel-macos-arm64 0.1.0 18.00 OK
r-oldrel-macos-x86_64 0.1.0 27.00 OK
r-oldrel-windows-x86_64 0.1.0 4.00 43.00 47.00 OK

Check Details

Version: 0.1.0
Check: dependencies in R code
Result: NOTE Namespace in Imports field not imported from: ‘xts’ All declared Imports should be used. Flavors: r-devel-linux-x86_64-fedora-clang, r-devel-linux-x86_64-fedora-gcc