CRAN Package Check Results for Package epikit

Last updated on 2022-08-14 00:54:20 CEST.

Flavor Version Tinstall Tcheck Ttotal Status Flags
r-devel-linux-x86_64-debian-clang 0.1.2 3.07 41.42 44.49 NOTE
r-devel-linux-x86_64-debian-gcc 0.1.2 2.33 32.02 34.35 NOTE
r-devel-linux-x86_64-fedora-clang 0.1.2 68.87 NOTE
r-devel-linux-x86_64-fedora-gcc 0.1.2 66.83 NOTE
r-devel-windows-x86_64 0.1.2 13.00 69.00 82.00 NOTE
r-patched-linux-x86_64 0.1.2 3.23 39.94 43.17 NOTE
r-release-linux-x86_64 0.1.2 3.33 39.81 43.14 NOTE
r-release-macos-arm64 0.1.2 22.00 NOTE
r-release-macos-x86_64 0.1.2 41.00 NOTE
r-release-windows-x86_64 0.1.2 13.00 72.00 85.00 NOTE
r-oldrel-macos-arm64 0.1.2 24.00 NOTE
r-oldrel-macos-x86_64 0.1.2 35.00 NOTE
r-oldrel-windows-ix86+x86_64 0.1.2 8.00 59.00 67.00 NOTE

Check Details

Version: 0.1.2
Check: package dependencies
Result: NOTE
    Package suggested but not available for checking: 'epidict'
Flavors: r-devel-linux-x86_64-debian-clang, r-devel-linux-x86_64-debian-gcc, r-devel-linux-x86_64-fedora-clang, r-devel-linux-x86_64-fedora-gcc, r-devel-windows-x86_64, r-patched-linux-x86_64, r-release-linux-x86_64, r-release-macos-arm64, r-release-macos-x86_64, r-release-windows-x86_64, r-oldrel-macos-arm64, r-oldrel-macos-x86_64, r-oldrel-windows-ix86+x86_64

Version: 0.1.2
Check: LazyData
Result: NOTE
     'LazyData' is specified without a 'data' directory
Flavors: r-devel-linux-x86_64-debian-clang, r-devel-linux-x86_64-debian-gcc, r-devel-linux-x86_64-fedora-clang, r-devel-linux-x86_64-fedora-gcc, r-devel-windows-x86_64, r-patched-linux-x86_64, r-release-linux-x86_64, r-release-macos-arm64, r-release-macos-x86_64, r-release-windows-x86_64, r-oldrel-macos-arm64, r-oldrel-macos-x86_64, r-oldrel-windows-ix86+x86_64