Last updated on 2022-08-10 12:56:16 CEST.
Flavor | Version | Tinstall | Tcheck | Ttotal | Status | Flags |
---|---|---|---|---|---|---|
r-devel-linux-x86_64-debian-clang | 0.4.0 | 4.16 | 77.00 | 81.16 | OK | |
r-devel-linux-x86_64-debian-gcc | 0.4.0 | 4.07 | 58.76 | 62.83 | OK | |
r-devel-linux-x86_64-fedora-clang | 0.4.0 | 106.24 | NOTE | |||
r-devel-linux-x86_64-fedora-gcc | 0.4.0 | 102.19 | NOTE | |||
r-devel-windows-x86_64 | 0.4.0 | 27.00 | 120.00 | 147.00 | OK | |
r-patched-linux-x86_64 | 0.4.0 | 5.44 | 72.62 | 78.06 | OK | |
r-release-linux-x86_64 | 0.4.0 | OK | ||||
r-release-macos-arm64 | 0.4.0 | 60.00 | NOTE | |||
r-release-macos-x86_64 | 0.4.0 | 86.00 | NOTE | |||
r-release-windows-x86_64 | 0.4.0 | 30.00 | 116.00 | 146.00 | OK | |
r-oldrel-macos-arm64 | 0.4.0 | 76.00 | NOTE | |||
r-oldrel-macos-x86_64 | 0.4.0 | 1803.00 | NOTE | |||
r-oldrel-windows-ix86+x86_64 | 0.4.0 | 12.00 | 106.00 | 118.00 | OK |
Version: 0.4.0
Check: package dependencies
Result: NOTE
Imports includes 22 non-default packages.
Importing from so many packages makes the package vulnerable to any of
them becoming unavailable. Move as many as possible to Suggests and
use conditionally.
Flavor: r-devel-linux-x86_64-fedora-clang
Version: 0.4.0
Check: dependencies in R code
Result: NOTE
Namespaces in Imports field not imported from:
‘readr’ ‘tidyverse’
All declared Imports should be used.
Flavors: r-devel-linux-x86_64-fedora-clang, r-devel-linux-x86_64-fedora-gcc, r-release-macos-arm64, r-release-macos-x86_64, r-oldrel-macos-arm64, r-oldrel-macos-x86_64
Version: 0.4.0
Check: data for non-ASCII characters
Result: NOTE
Note: found 1 marked Latin-1 string
Note: found 721 marked UTF-8 strings
Flavors: r-devel-linux-x86_64-fedora-clang, r-devel-linux-x86_64-fedora-gcc, r-release-macos-arm64, r-release-macos-x86_64, r-oldrel-macos-arm64, r-oldrel-macos-x86_64