CRAN Package Check Results for Package epca

Last updated on 2024-02-21 21:49:38 CET.

Flavor Version Tinstall Tcheck Ttotal Status Flags
r-devel-linux-x86_64-debian-clang 1.1.0 NOTE
r-devel-linux-x86_64-debian-gcc 1.1.0 1.87 38.77 40.64 NOTE
r-devel-linux-x86_64-fedora-clang 1.1.0 66.97 OK
r-devel-linux-x86_64-fedora-gcc 1.1.0 75.29 OK
r-devel-windows-x86_64 1.1.0 4.00 73.00 77.00 OK
r-patched-linux-x86_64 1.1.0 3.63 48.09 51.72 OK
r-release-linux-x86_64 1.1.0 3.04 47.22 50.26 OK
r-release-macos-arm64 1.1.0 31.00 OK
r-release-macos-x86_64 1.1.0 71.00 OK
r-release-windows-x86_64 1.1.0 4.00 73.00 77.00 OK
r-oldrel-macos-arm64 1.1.0 30.00 OK
r-oldrel-windows-x86_64 1.1.0 5.00 71.00 76.00 OK

Check Details

Version: 1.1.0
Check: Rd files
Result: NOTE checkRd: (-1) misClustRate.Rd:18: Lost braces; missing escapes or markup? 18 | Compute the empirical MCR, assuming that #{cluster} = #{block}, | ^ checkRd: (-1) misClustRate.Rd:18: Lost braces; missing escapes or markup? 18 | Compute the empirical MCR, assuming that #{cluster} = #{block}, | ^ Flavors: r-devel-linux-x86_64-debian-clang, r-devel-linux-x86_64-debian-gcc