CRAN Package Check Results for Package epanetReader

Last updated on 2024-06-13 06:58:00 CEST.

Flavor Version Tinstall Tcheck Ttotal Status Flags
r-devel-linux-x86_64-debian-clang 0.7.3 3.15 44.75 47.90 NOTE
r-devel-linux-x86_64-debian-gcc 0.7.3 3.27 25.57 28.84 ERROR
r-devel-linux-x86_64-fedora-clang 0.7.3 61.03 NOTE
r-devel-linux-x86_64-fedora-gcc 0.7.3 55.57 NOTE
r-devel-windows-x86_64 0.7.3 4.00 57.00 61.00 OK
r-patched-linux-x86_64 0.7.3 4.23 42.61 46.84 NOTE
r-release-linux-x86_64 0.7.3 3.72 43.13 46.85 NOTE
r-release-macos-arm64 0.7.3 21.00 OK
r-release-macos-x86_64 0.7.3 32.00 OK
r-release-windows-x86_64 0.7.3 5.00 58.00 63.00 OK
r-oldrel-macos-arm64 0.7.3 22.00 OK
r-oldrel-macos-x86_64 0.7.3 35.00 OK
r-oldrel-windows-x86_64 0.7.3 5.00 60.00 65.00 OK

Check Details

Version: 0.7.3
Check: for non-standard things in the check directory
Result: NOTE Found the following files/directories: ‘Net1-fromR.inp’ Flavors: r-devel-linux-x86_64-debian-clang, r-devel-linux-x86_64-debian-gcc, r-devel-linux-x86_64-fedora-clang, r-devel-linux-x86_64-fedora-gcc, r-patched-linux-x86_64, r-release-linux-x86_64

Version: 0.7.3
Check: package dependencies
Result: NOTE Package suggested but not available for checking: ‘testthat’ Flavor: r-devel-linux-x86_64-debian-gcc

Version: 0.7.3
Check: tests
Result: ERROR Running ‘testthat.r’ [0s/1s] Running the tests in ‘tests/testthat.r’ failed. Complete output: > library(testthat) Error in library(testthat) : there is no package called 'testthat' Execution halted Flavor: r-devel-linux-x86_64-debian-gcc