Last updated on 2023-09-30 00:56:05 CEST.
Flavor | Version | Tinstall | Tcheck | Ttotal | Status | Flags |
---|---|---|---|---|---|---|
r-devel-linux-x86_64-debian-clang | 0.1.17 | 41.81 | 604.69 | 646.50 | NOTE | |
r-devel-linux-x86_64-debian-gcc | 0.1.17 | 35.30 | 441.27 | 476.57 | NOTE | |
r-devel-linux-x86_64-fedora-clang | 0.1.17 | 784.49 | NOTE | |||
r-devel-linux-x86_64-fedora-gcc | 0.1.17 | 862.46 | NOTE | |||
r-devel-windows-x86_64 | 0.1.17 | 32.00 | 417.00 | 449.00 | NOTE | |
r-patched-linux-x86_64 | 0.1.17 | 39.61 | 588.60 | 628.21 | NOTE | |
r-release-linux-x86_64 | 0.1.17 | 30.26 | 592.22 | 622.48 | NOTE | |
r-release-macos-arm64 | 0.1.17 | 254.00 | NOTE | |||
r-release-macos-x86_64 | 0.1.17 | 456.00 | NOTE | |||
r-release-windows-x86_64 | 0.1.17 | 41.00 | 524.00 | 565.00 | NOTE | |
r-oldrel-macos-arm64 | 0.1.17 | 225.00 | OK | |||
r-oldrel-macos-x86_64 | 0.1.17 | 632.00 | OK | |||
r-oldrel-windows-x86_64 | 0.1.17 | 40.00 | 508.00 | 548.00 | NOTE |
Version: 0.1.17
Check: package dependencies
Result: NOTE
Package suggested but not available for checking: ‘RStoolbox’
Flavors: r-devel-linux-x86_64-debian-clang, r-devel-linux-x86_64-debian-gcc, r-devel-linux-x86_64-fedora-clang, r-devel-linux-x86_64-fedora-gcc, r-devel-windows-x86_64, r-patched-linux-x86_64, r-release-linux-x86_64, r-release-macos-arm64, r-release-macos-x86_64, r-release-windows-x86_64, r-oldrel-windows-x86_64
Version: 0.1.17
Check: Rd \usage sections
Result: NOTE
Documented arguments not in \usage in documentation object 'div_plot':
‘plot_cols’
Documented arguments not in \usage in documentation object 'seq_plot':
‘plot_cols’
Functions with \usage entries need to have the appropriate \alias
entries, and all their arguments documented.
The \usage entries must correspond to syntactically valid R code.
See chapter ‘Writing R documentation files’ in the ‘Writing R
Extensions’ manual.
Flavors: r-devel-linux-x86_64-debian-clang, r-devel-linux-x86_64-debian-gcc, r-devel-linux-x86_64-fedora-clang, r-devel-linux-x86_64-fedora-gcc, r-devel-windows-x86_64