CRAN Package Check Results for Package ensembleTax

Last updated on 2022-11-26 05:51:48 CET.

Flavor Version Tinstall Tcheck Ttotal Status Flags
r-devel-linux-x86_64-debian-clang 1.1.1 5.60 64.57 70.17 OK
r-devel-linux-x86_64-debian-gcc 1.1.1 4.88 48.69 53.57 OK
r-devel-linux-x86_64-fedora-clang 1.1.1 95.89 NOTE
r-devel-linux-x86_64-fedora-gcc 1.1.1 94.08 NOTE
r-devel-windows-x86_64 1.1.1 35.00 98.00 133.00 OK
r-patched-linux-x86_64 1.1.1 OK
r-release-linux-x86_64 1.1.1 4.77 58.88 63.65 OK
r-release-macos-arm64 1.1.1 35.00 NOTE
r-release-macos-x86_64 1.1.1 52.00 NOTE
r-release-windows-x86_64 1.1.1 44.00 124.00 168.00 OK
r-oldrel-macos-arm64 1.1.1 66.00 NOTE
r-oldrel-macos-x86_64 1.1.1 41.00 NOTE
r-oldrel-windows-ix86+x86_64 1.1.1 14.00 87.00 101.00 OK

Check Details

Version: 1.1.1
Check: dependencies in R code
Result: NOTE
    Namespaces in Imports field not imported from:
     ‘Biostrings’ ‘DECIPHER’ ‘ggplot2’ ‘reshape2’ ‘usethis’
     All declared Imports should be used.
Flavors: r-devel-linux-x86_64-fedora-clang, r-devel-linux-x86_64-fedora-gcc, r-release-macos-arm64, r-release-macos-x86_64, r-oldrel-macos-arm64, r-oldrel-macos-x86_64