CRAN Package Check Results for Package ensembleTax

Last updated on 2023-12-03 00:56:41 CET.

Flavor Version Tinstall Tcheck Ttotal Status Flags
r-devel-linux-x86_64-debian-clang 1.1.1 5.54 61.37 66.91 OK
r-devel-linux-x86_64-debian-gcc 1.1.1 4.69 47.37 52.06 OK
r-devel-linux-x86_64-fedora-clang 1.1.1 83.89 NOTE
r-devel-linux-x86_64-fedora-gcc 1.1.1 88.32 NOTE
r-devel-windows-x86_64 1.1.1 7.00 71.00 78.00 OK
r-patched-linux-x86_64 1.1.1 5.97 60.44 66.41 OK
r-release-linux-x86_64 1.1.1 5.45 59.70 65.15 OK
r-release-macos-arm64 1.1.1 41.00 OK
r-release-macos-x86_64 1.1.1 52.00 OK
r-release-windows-x86_64 1.1.1 11.00 81.00 92.00 OK
r-oldrel-macos-arm64 1.1.1 35.00 NOTE
r-oldrel-macos-x86_64 1.1.1 52.00 NOTE
r-oldrel-windows-x86_64 1.1.1 10.00 78.00 88.00 OK

Check Details

Version: 1.1.1
Check: dependencies in R code
Result: NOTE Namespaces in Imports field not imported from: ‘Biostrings’ ‘DECIPHER’ ‘ggplot2’ ‘reshape2’ ‘usethis’ All declared Imports should be used. Flavors: r-devel-linux-x86_64-fedora-clang, r-devel-linux-x86_64-fedora-gcc, r-oldrel-macos-arm64, r-oldrel-macos-x86_64