Last updated on 2022-08-13 00:50:58 CEST.
Flavor | Version | Tinstall | Tcheck | Ttotal | Status | Flags |
---|---|---|---|---|---|---|
r-devel-linux-x86_64-debian-clang | 0.1.3 | 2.81 | 61.12 | 63.93 | OK | |
r-devel-linux-x86_64-debian-gcc | 0.1.3 | 2.21 | 45.88 | 48.09 | OK | |
r-devel-linux-x86_64-fedora-clang | 0.1.3 | 87.84 | NOTE | |||
r-devel-linux-x86_64-fedora-gcc | 0.1.3 | 88.50 | NOTE | |||
r-devel-windows-x86_64 | 0.1.3 | 16.00 | 85.00 | 101.00 | OK | |
r-patched-linux-x86_64 | 0.1.3 | 2.86 | 59.84 | 62.70 | OK | |
r-release-linux-x86_64 | 0.1.3 | 2.82 | 58.52 | 61.34 | OK | |
r-release-macos-arm64 | 0.1.3 | 26.00 | NOTE | |||
r-release-macos-x86_64 | 0.1.3 | 36.00 | NOTE | |||
r-release-windows-x86_64 | 0.1.3 | 20.00 | 84.00 | 104.00 | OK | |
r-oldrel-macos-arm64 | 0.1.3 | 22.00 | NOTE | |||
r-oldrel-macos-x86_64 | 0.1.3 | 32.00 | NOTE | |||
r-oldrel-windows-ix86+x86_64 | 0.1.3 | 6.00 | 79.00 | 85.00 | OK |
Version: 0.1.3
Check: dependencies in R code
Result: NOTE
Namespaces in Imports field not imported from:
‘rgdal’ ‘rgeos’
All declared Imports should be used.
Flavors: r-devel-linux-x86_64-fedora-clang, r-devel-linux-x86_64-fedora-gcc, r-release-macos-arm64, r-release-macos-x86_64, r-oldrel-macos-arm64, r-oldrel-macos-x86_64