CRAN Package Check Results for Package ems

Last updated on 2022-09-29 00:52:47 CEST.

Flavor Version Tinstall Tcheck Ttotal Status Flags
r-devel-linux-x86_64-debian-clang 1.3.11 19.38 160.21 179.59 OK
r-devel-linux-x86_64-debian-gcc 1.3.11 18.48 117.99 136.47 OK
r-devel-linux-x86_64-fedora-clang 1.3.11 238.95 NOTE
r-devel-linux-x86_64-fedora-gcc 1.3.11 235.54 NOTE
r-devel-windows-x86_64 1.3.11 27.00 169.00 196.00 OK
r-patched-linux-x86_64 1.3.11 13.52 151.66 165.18 OK
r-release-linux-x86_64 1.3.11 13.16 151.97 165.13 OK
r-release-macos-arm64 1.3.11 59.00 NOTE
r-release-macos-x86_64 1.3.11 91.00 NOTE
r-release-windows-x86_64 1.3.11 27.00 178.00 205.00 OK
r-oldrel-macos-arm64 1.3.11 65.00 NOTE
r-oldrel-macos-x86_64 1.3.11 88.00 NOTE
r-oldrel-windows-ix86+x86_64 1.3.11 42.00 172.00 214.00 OK

Check Details

Version: 1.3.11
Check: data for non-ASCII characters
Result: NOTE
     Note: found 23639 marked Latin-1 strings
Flavors: r-devel-linux-x86_64-fedora-clang, r-devel-linux-x86_64-fedora-gcc, r-release-macos-arm64, r-release-macos-x86_64, r-oldrel-macos-arm64, r-oldrel-macos-x86_64