CRAN Package Check Results for Package emon

Last updated on 2020-10-28 01:49:32 CET.

Flavor Version Tinstall Tcheck Ttotal Status Flags
r-devel-linux-x86_64-debian-clang 1.3.2 9.82 82.99 92.81 OK
r-devel-linux-x86_64-debian-gcc 1.3.2 6.75 62.93 69.68 OK
r-devel-linux-x86_64-fedora-clang 1.3.2 118.08 NOTE
r-devel-linux-x86_64-fedora-gcc 1.3.2 107.20 OK
r-devel-windows-ix86+x86_64 1.3.2 19.00 99.00 118.00 OK
r-patched-linux-x86_64 1.3.2 OK
r-patched-solaris-x86 1.3.2 147.60 OK
r-release-linux-x86_64 1.3.2 8.51 77.93 86.44 OK
r-release-macos-x86_64 1.3.2 OK
r-release-windows-ix86+x86_64 1.3.2 14.00 78.00 92.00 OK
r-oldrel-macos-x86_64 1.3.2 OK
r-oldrel-windows-ix86+x86_64 1.3.2 16.00 95.00 111.00 OK

Check Details

Version: 1.3.2
Check: Rd cross-references
Result: NOTE
    Undeclared packages ‘Kendall’, ‘geoR’ in Rd xrefs
Flavor: r-devel-linux-x86_64-fedora-clang