CRAN Package Check Results for Package emoa

Last updated on 2020-07-07 02:08:14 CEST.

Flavor Version Tinstall Tcheck Ttotal Status Flags
r-devel-linux-x86_64-debian-clang 0.5-0.1 7.03 22.09 29.12 OK
r-devel-linux-x86_64-debian-gcc 0.5-0.1 4.11 17.97 22.08 OK
r-devel-linux-x86_64-fedora-clang 0.5-0.1 43.66 NOTE
r-devel-linux-x86_64-fedora-gcc 0.5-0.1 33.81 NOTE
r-devel-windows-ix86+x86_64 0.5-0.1 22.00 45.00 67.00 OK
r-patched-linux-x86_64 0.5-0.1 5.26 22.54 27.80 OK
r-patched-solaris-x86 0.5-0.1 50.60 OK
r-release-linux-x86_64 0.5-0.1 5.49 22.17 27.66 OK
r-release-osx-x86_64 0.5-0.1 OK
r-release-windows-ix86+x86_64 0.5-0.1 20.00 40.00 60.00 OK
r-oldrel-osx-x86_64 0.5-0.1 OK
r-oldrel-windows-ix86+x86_64 0.5-0.1 20.00 44.00 64.00 OK

Check Details

Version: 0.5-0.1
Check: compiled code
Result: NOTE
    File ‘emoa/libs/emoa.so’:
     Found no calls to: ‘R_registerRoutines’, ‘R_useDynamicSymbols’
    
    It is good practice to register native routines and to disable symbol
    search.
    
    See ‘Writing portable packages’ in the ‘Writing R Extensions’ manual.
Flavors: r-devel-linux-x86_64-fedora-clang, r-devel-linux-x86_64-fedora-gcc