CRAN Package Check Results for Package emhawkes

Last updated on 2020-05-25 01:48:51 CEST.

Flavor Version Tinstall Tcheck Ttotal Status Flags
r-devel-linux-x86_64-debian-clang 0.9.0 5.46 367.09 372.55 NOTE
r-devel-linux-x86_64-debian-gcc 0.9.0 4.23 246.93 251.16 NOTE
r-devel-linux-x86_64-fedora-clang 0.9.0 418.32 OK
r-devel-linux-x86_64-fedora-gcc 0.9.0 409.96 OK
r-devel-windows-ix86+x86_64 0.9.0 14.00 325.00 339.00 NOTE
r-patched-linux-x86_64 0.9.0 5.43 352.75 358.18 NOTE
r-patched-solaris-x86 0.9.0 525.60 OK
r-release-linux-x86_64 0.9.0 4.08 349.70 353.78 NOTE
r-release-osx-x86_64 0.9.0 OK
r-release-windows-ix86+x86_64 0.9.0 9.00 422.00 431.00 NOTE
r-oldrel-osx-x86_64 0.9.0 OK
r-oldrel-windows-ix86+x86_64 0.9.0 7.00 444.00 451.00 OK

Check Details

Version: 0.9.0
Check: package vignettes
Result: NOTE
    Package vignette with placeholder title 'Vignette Title':
     'example.Rmd'
Flavors: r-devel-linux-x86_64-debian-clang, r-devel-linux-x86_64-debian-gcc, r-devel-windows-ix86+x86_64, r-patched-linux-x86_64, r-release-linux-x86_64, r-release-windows-ix86+x86_64