CRAN Package Check Results for Package emdi

Last updated on 2020-10-28 01:49:32 CET.

Flavor Version Tinstall Tcheck Ttotal Status Flags
r-devel-linux-x86_64-debian-clang 2.0.1 27.95 360.00 387.95 OK
r-devel-linux-x86_64-debian-gcc 2.0.1 23.72 273.43 297.15 OK
r-devel-linux-x86_64-fedora-clang 2.0.1 430.62 NOTE
r-devel-linux-x86_64-fedora-gcc 2.0.1 420.44 NOTE
r-devel-windows-ix86+x86_64 2.0.1 61.00 370.00 431.00 OK
r-patched-linux-x86_64 2.0.1 OK
r-patched-solaris-x86 2.0.1 672.40 NOTE
r-release-linux-x86_64 2.0.1 24.85 333.00 357.85 OK
r-release-macos-x86_64 2.0.1 NOTE
r-release-windows-ix86+x86_64 2.0.1 40.00 283.00 323.00 OK
r-oldrel-macos-x86_64 2.0.1 NOTE
r-oldrel-windows-ix86+x86_64 2.0.1 51.00 358.00 409.00 OK

Check Details

Version: 2.0.1
Check: dependencies in R code
Result: NOTE
    Namespaces in Imports field not imported from:
     ‘graphics’ ‘maptools’ ‘rgeos’
     All declared Imports should be used.
Flavors: r-devel-linux-x86_64-fedora-clang, r-devel-linux-x86_64-fedora-gcc, r-patched-solaris-x86, r-release-macos-x86_64, r-oldrel-macos-x86_64

Version: 2.0.1
Check: data for non-ASCII characters
Result: NOTE
     Note: found 50 marked Latin-1 strings
Flavors: r-devel-linux-x86_64-fedora-clang, r-devel-linux-x86_64-fedora-gcc, r-patched-solaris-x86, r-release-macos-x86_64, r-oldrel-macos-x86_64