CRAN Package Check Results for Package ellipticalsymmetry

Last updated on 2024-04-23 21:54:43 CEST.

Flavor Version Tinstall Tcheck Ttotal Status Flags
r-devel-linux-x86_64-debian-clang 0.1.2 3.37 36.74 40.11 OK
r-devel-linux-x86_64-debian-gcc 0.1.2 2.76 27.44 30.20 OK
r-devel-linux-x86_64-fedora-clang 0.1.2 51.88 NOTE
r-devel-linux-x86_64-fedora-gcc 0.1.2 47.92 NOTE
r-prerel-macos-arm64 0.1.2 22.00 OK
r-prerel-windows-x86_64 0.1.2 6.00 49.00 55.00 OK
r-patched-linux-x86_64 0.1.2 3.32 34.11 37.43 OK
r-release-linux-x86_64 0.1.2 3.84 35.89 39.73 OK
r-release-macos-arm64 0.1.2 22.00 OK
r-release-macos-x86_64 0.1.2 29.00 OK
r-release-windows-x86_64 0.1.2 7.00 54.00 61.00 OK
r-oldrel-macos-arm64 0.1.2 18.00 NOTE
r-oldrel-windows-x86_64 0.1.2 6.00 56.00 62.00 OK

Check Details

Version: 0.1.2
Check: dependencies in R code
Result: NOTE Namespace in Imports field not imported from: ‘datasets’ All declared Imports should be used. Flavors: r-devel-linux-x86_64-fedora-clang, r-devel-linux-x86_64-fedora-gcc, r-oldrel-macos-arm64