Last updated on 2021-04-14 13:53:34 CEST.
Flavor | Version | Tinstall | Tcheck | Ttotal | Status | Flags |
---|---|---|---|---|---|---|
r-devel-linux-x86_64-debian-clang | 0.3.1 | 2.54 | 25.02 | 27.56 | NOTE | |
r-devel-linux-x86_64-debian-gcc | 0.3.1 | 2.15 | 19.62 | 21.77 | NOTE | |
r-devel-linux-x86_64-fedora-clang | 0.3.1 | 43.37 | NOTE | |||
r-devel-linux-x86_64-fedora-gcc | 0.3.1 | 33.43 | NOTE | |||
r-devel-windows-ix86+x86_64 | 0.3.1 | 9.00 | 49.00 | 58.00 | NOTE | |
r-devel-windows-x86_64-gcc10-UCRT | 0.3.1 | NOTE | ||||
r-patched-linux-x86_64 | 0.3.1 | 2.34 | 24.44 | 26.78 | OK | |
r-patched-solaris-x86 | 0.3.1 | 51.70 | OK | |||
r-release-linux-x86_64 | 0.3.1 | 2.36 | 24.60 | 26.96 | OK | |
r-release-macos-x86_64 | 0.3.1 | OK | ||||
r-release-windows-ix86+x86_64 | 0.3.1 | 8.00 | 51.00 | 59.00 | OK | |
r-oldrel-macos-x86_64 | 0.3.1 | OK | ||||
r-oldrel-windows-ix86+x86_64 | 0.3.1 | 7.00 | 39.00 | 46.00 | OK |
Version: 0.3.1
Check: LazyData
Result: NOTE
'LazyData' is specified without a 'data' directory
Flavors: r-devel-linux-x86_64-debian-clang, r-devel-linux-x86_64-debian-gcc, r-devel-linux-x86_64-fedora-clang, r-devel-linux-x86_64-fedora-gcc, r-devel-windows-ix86+x86_64, r-devel-windows-x86_64-gcc10-UCRT