CRAN Package Check Results for Package elementR

Last updated on 2020-10-29 13:48:43 CET.

Flavor Version Tinstall Tcheck Ttotal Status Flags
r-devel-linux-x86_64-debian-clang 1.3.7 55.50 161.37 216.87 OK
r-devel-linux-x86_64-debian-gcc 1.3.7 40.06 117.97 158.03 OK
r-devel-linux-x86_64-fedora-clang 1.3.7 267.02 OK
r-devel-linux-x86_64-fedora-gcc 1.3.7 260.20 OK
r-devel-windows-ix86+x86_64 1.3.7 96.00 146.00 242.00 OK
r-patched-linux-x86_64 1.3.7 53.16 145.37 198.53 OK
r-patched-solaris-x86 1.3.7 311.30 OK
r-release-linux-x86_64 1.3.7 55.33 144.39 199.72 OK
r-release-macos-x86_64 1.3.7 OK
r-release-windows-ix86+x86_64 1.3.7 58.00 147.00 205.00 OK
r-oldrel-macos-x86_64 1.3.7 WARN
r-oldrel-windows-ix86+x86_64 1.3.7 65.00 152.00 217.00 OK

Check Details

Version: 1.3.7
Check: dependencies in R code
Result: NOTE
    No protocol specified
    No protocol specified
Flavor: r-oldrel-macos-x86_64

Version: 1.3.7
Check: S3 generic/method consistency
Result: WARN
    No protocol specified
    No protocol specified
    See section ‘Generic functions and methods’ in the ‘Writing R
    Extensions’ manual.
Flavor: r-oldrel-macos-x86_64

Version: 1.3.7
Check: replacement functions
Result: WARN
    No protocol specified
    No protocol specified
    The argument of a replacement function which corresponds to the right
    hand side must be named ‘value’.
Flavor: r-oldrel-macos-x86_64

Version: 1.3.7
Check: foreign function calls
Result: NOTE
    No protocol specified
    No protocol specified
    See chapter ‘System and foreign language interfaces’ in the ‘Writing R
    Extensions’ manual.
Flavor: r-oldrel-macos-x86_64

Version: 1.3.7
Check: R code for possible problems
Result: NOTE
    No protocol specified
    No protocol specified
Flavor: r-oldrel-macos-x86_64

Version: 1.3.7
Check: for missing documentation entries
Result: WARN
    No protocol specified
    No protocol specified
    All user-level objects in a package should have documentation entries.
    See chapter ‘Writing R documentation files’ in the ‘Writing R
    Extensions’ manual.
Flavor: r-oldrel-macos-x86_64

Version: 1.3.7
Check: for code/documentation mismatches
Result: WARN
    No protocol specified
    No protocol specified
    No protocol specified
    No protocol specified
    No protocol specified
    No protocol specified
Flavor: r-oldrel-macos-x86_64

Version: 1.3.7
Check: Rd \usage sections
Result: NOTE
    No protocol specified
    No protocol specified
    The \usage entries for S3 methods should use the \method markup and not
    their full name.
    See chapter ‘Writing R documentation files’ in the ‘Writing R
    Extensions’ manual.
Flavor: r-oldrel-macos-x86_64