CRAN Package Check Results for Package elastes

Last updated on 2024-04-18 12:52:43 CEST.

Flavor Version Tinstall Tcheck Ttotal Status Flags
r-devel-linux-x86_64-debian-clang 0.1.7 12.65 173.64 186.29 NOTE
r-devel-linux-x86_64-debian-gcc 0.1.7 12.43 131.49 143.92 NOTE
r-devel-linux-x86_64-fedora-clang 0.1.7 236.48 NOTE
r-devel-linux-x86_64-fedora-gcc 0.1.7 238.57 NOTE
r-prerel-macos-arm64 0.1.7 74.00 NOTE
r-prerel-windows-x86_64 0.1.7 14.00 131.00 145.00 NOTE
r-patched-linux-x86_64 0.1.7 13.55 167.19 180.74 NOTE
r-release-linux-x86_64 0.1.7 10.26 172.38 182.64 OK
r-release-macos-arm64 0.1.7 80.00 OK
r-release-macos-x86_64 0.1.7 143.00 OK
r-release-windows-x86_64 0.1.7 18.00 169.00 187.00 OK
r-oldrel-macos-arm64 0.1.7 71.00 OK
r-oldrel-windows-x86_64 0.1.7 18.00 172.00 190.00 OK

Check Details

Version: 0.1.7
Check: Rd files
Result: NOTE checkRd: (-1) fit_mean.Rd:54: Lost braces 54 | \code{t_optims}{optimal parametrizations} | ^ checkRd: (-1) fit_mean.Rd:55: Lost braces 55 | \code{G_optims}{optimal rotations} | ^ checkRd: (-1) fit_mean.Rd:56: Lost braces 56 | \code{b_optims}{optimal scalings} | ^ checkRd: (-1) fit_mean.Rd:57: Lost braces 57 | \code{n_optims}{optimal re-normalization} | ^ checkRd: (-1) fit_mean.Rd:58: Lost braces 58 | \code{n_iter}{number of iterations until convergence} | ^ Flavors: r-devel-linux-x86_64-debian-clang, r-devel-linux-x86_64-debian-gcc, r-devel-linux-x86_64-fedora-clang, r-devel-linux-x86_64-fedora-gcc, r-prerel-macos-arm64, r-prerel-windows-x86_64, r-patched-linux-x86_64