CRAN Package Check Results for Package einsum

Last updated on 2022-09-26 00:50:30 CEST.

Flavor Version Tinstall Tcheck Ttotal Status Flags
r-devel-linux-x86_64-debian-clang 0.1.0 17.80 170.17 187.97 OK
r-devel-linux-x86_64-debian-gcc 0.1.0 15.70 120.32 136.02 OK
r-devel-linux-x86_64-fedora-clang 0.1.0 253.39 NOTE
r-devel-linux-x86_64-fedora-gcc 0.1.0 227.88 NOTE
r-devel-windows-x86_64 0.1.0 26.00 245.00 271.00 OK
r-patched-linux-x86_64 0.1.0 16.58 146.89 163.47 OK
r-release-linux-x86_64 0.1.0 17.94 143.93 161.87 OK
r-release-macos-arm64 0.1.0 63.00 NOTE
r-release-macos-x86_64 0.1.0 74.00 NOTE
r-release-windows-x86_64 0.1.0 20.00 213.00 233.00 OK
r-oldrel-macos-arm64 0.1.0 71.00 NOTE
r-oldrel-macos-x86_64 0.1.0 110.00 NOTE
r-oldrel-windows-ix86+x86_64 0.1.0 50.00 342.00 392.00 OK

Check Details

Version: 0.1.0
Check: dependencies in R code
Result: NOTE
    Namespace in Imports field not imported from: ‘mathjaxr’
     All declared Imports should be used.
Flavors: r-devel-linux-x86_64-fedora-clang, r-devel-linux-x86_64-fedora-gcc, r-release-macos-arm64, r-release-macos-x86_64, r-oldrel-macos-arm64, r-oldrel-macos-x86_64