CRAN Package Check Results for Package eimpute

Last updated on 2022-09-29 21:49:04 CEST.

Flavor Version Tinstall Tcheck Ttotal Status Flags
r-devel-linux-x86_64-debian-clang 0.2.1 132.32 34.19 166.51 OK
r-devel-linux-x86_64-debian-gcc 0.2.1 116.80 30.72 147.52 OK
r-devel-linux-x86_64-fedora-clang 0.2.1 219.92 OK
r-devel-linux-x86_64-fedora-gcc 0.2.1 259.47 OK
r-devel-windows-x86_64 0.2.1 120.00 98.00 218.00 OK
r-patched-linux-x86_64 0.2.1 128.27 37.63 165.90 OK
r-release-linux-x86_64 0.2.1 128.44 37.64 166.08 OK
r-release-macos-arm64 0.2.1 65.00 NOTE
r-release-macos-x86_64 0.2.1 91.00 NOTE
r-release-windows-x86_64 0.2.1 116.00 96.00 212.00 OK
r-oldrel-macos-arm64 0.2.1 71.00 NOTE
r-oldrel-macos-x86_64 0.2.1 79.00 NOTE
r-oldrel-windows-ix86+x86_64 0.2.1 290.00 88.00 378.00 OK

Check Details

Version: 0.2.1
Check: installed package size
Result: NOTE
     installed size is 47.2Mb
     sub-directories of 1Mb or more:
     libs 46.2Mb
Flavors: r-release-macos-arm64, r-release-macos-x86_64, r-oldrel-macos-arm64, r-oldrel-macos-x86_64