CRAN Package Check Results for Package eia

Last updated on 2022-08-19 06:52:22 CEST.

Flavor Version Tinstall Tcheck Ttotal Status Flags
r-devel-linux-x86_64-debian-clang 0.3.7 5.22 54.79 60.01 NOTE
r-devel-linux-x86_64-debian-gcc 0.3.7 4.27 41.05 45.32 NOTE
r-devel-linux-x86_64-fedora-clang 0.3.7 82.86 NOTE
r-devel-linux-x86_64-fedora-gcc 0.3.7 79.76 NOTE
r-devel-windows-x86_64 0.3.7 18.00 95.00 113.00 NOTE
r-patched-linux-x86_64 0.3.7 4.60 50.86 55.46 NOTE
r-release-linux-x86_64 0.3.7 NOTE
r-release-macos-arm64 0.3.7 30.00 NOTE
r-release-macos-x86_64 0.3.7 49.00 NOTE
r-release-windows-x86_64 0.3.7 21.00 92.00 113.00 NOTE
r-oldrel-macos-arm64 0.3.7 33.00 NOTE
r-oldrel-macos-x86_64 0.3.7 39.00 NOTE
r-oldrel-windows-ix86+x86_64 0.3.7 12.00 82.00 94.00 NOTE

Check Details

Version: 0.3.7
Check: LazyData
Result: NOTE
     'LazyData' is specified without a 'data' directory
Flavors: r-devel-linux-x86_64-debian-clang, r-devel-linux-x86_64-debian-gcc, r-devel-linux-x86_64-fedora-clang, r-devel-linux-x86_64-fedora-gcc, r-devel-windows-x86_64, r-patched-linux-x86_64, r-release-linux-x86_64, r-release-macos-arm64, r-release-macos-x86_64, r-release-windows-x86_64, r-oldrel-macos-arm64, r-oldrel-macos-x86_64, r-oldrel-windows-ix86+x86_64