CRAN Package Check Results for Package eggCounts

Last updated on 2022-10-04 00:51:34 CEST.

Flavor Version Tinstall Tcheck Ttotal Status Flags
r-devel-linux-x86_64-debian-clang 2.3-2 841.36 165.12 1006.48 NOTE
r-devel-linux-x86_64-debian-gcc 2.3-2 773.57 157.15 930.72 NOTE
r-devel-linux-x86_64-fedora-clang 2.3-2 1252.66 NOTE
r-devel-linux-x86_64-fedora-gcc 2.3-2 1632.85 NOTE
r-devel-windows-x86_64 2.3-2 563.00 269.00 832.00 NOTE
r-patched-linux-x86_64 2.3-2 578.12 204.98 783.10 NOTE
r-release-linux-x86_64 2.3-2 627.46 203.27 830.73 NOTE
r-release-macos-arm64 2.3-2 352.00 NOTE
r-release-macos-x86_64 2.3-2 706.00 NOTE
r-release-windows-x86_64 2.3-2 966.00 271.00 1237.00 NOTE
r-oldrel-macos-arm64 2.3-2 273.00 NOTE
r-oldrel-macos-x86_64 2.3-2 467.00 NOTE
r-oldrel-windows-ix86+x86_64 2.3-2 1914.00 342.00 2256.00 NOTE

Check Details

Version: 2.3-2
Check: package dependencies
Result: NOTE
    Package suggested but not available for checking: 'eggCountsExtra'
Flavors: r-devel-linux-x86_64-debian-clang, r-devel-linux-x86_64-debian-gcc, r-devel-linux-x86_64-fedora-clang, r-devel-linux-x86_64-fedora-gcc, r-devel-windows-x86_64, r-patched-linux-x86_64, r-release-linux-x86_64, r-release-macos-arm64, r-release-macos-x86_64, r-release-windows-x86_64, r-oldrel-macos-arm64, r-oldrel-macos-x86_64, r-oldrel-windows-ix86+x86_64

Version: 2.3-2
Check: for GNU extensions in Makefiles
Result: NOTE
    GNU make is a SystemRequirements.
Flavors: r-devel-linux-x86_64-debian-clang, r-devel-linux-x86_64-debian-gcc, r-devel-linux-x86_64-fedora-clang, r-devel-linux-x86_64-fedora-gcc, r-devel-windows-x86_64, r-patched-linux-x86_64, r-release-linux-x86_64, r-release-macos-arm64, r-release-macos-x86_64, r-release-windows-x86_64, r-oldrel-macos-arm64, r-oldrel-macos-x86_64, r-oldrel-windows-ix86+x86_64

Version: 2.3-2
Check: installed package size
Result: NOTE
     installed size is 8.4Mb
     sub-directories of 1Mb or more:
     libs 7.7Mb
Flavors: r-devel-linux-x86_64-fedora-clang, r-devel-windows-x86_64, r-release-macos-arm64, r-release-macos-x86_64, r-release-windows-x86_64, r-oldrel-macos-arm64, r-oldrel-macos-x86_64, r-oldrel-windows-ix86+x86_64