CRAN Package Check Results for Package egg

Last updated on 2024-06-13 00:55:12 CEST.

Flavor Version Tinstall Tcheck Ttotal Status Flags
r-devel-linux-x86_64-debian-clang 0.4.5 6.20 61.73 67.93 OK
r-devel-linux-x86_64-debian-gcc 0.4.5 0.28 1.85 2.13 ERROR
r-devel-linux-x86_64-fedora-clang 0.4.5 84.76 OK
r-devel-linux-x86_64-fedora-gcc 0.4.5 144.69 OK
r-devel-windows-x86_64 0.4.5 7.00 66.00 73.00 OK
r-patched-linux-x86_64 0.4.5 6.31 60.37 66.68 OK
r-release-linux-x86_64 0.4.5 6.76 60.17 66.93 OK
r-release-macos-arm64 0.4.5 48.00 OK
r-release-macos-x86_64 0.4.5 71.00 OK
r-release-windows-x86_64 0.4.5 7.00 64.00 71.00 OK
r-oldrel-macos-arm64 0.4.5 48.00 OK
r-oldrel-macos-x86_64 0.4.5 80.00 OK
r-oldrel-windows-x86_64 0.4.5 9.00 73.00 82.00 OK

Check Details

Version: 0.4.5
Check: package dependencies
Result: ERROR Package required but not available: ‘ggplot2’ See section ‘The DESCRIPTION file’ in the ‘Writing R Extensions’ manual. Flavor: r-devel-linux-x86_64-debian-gcc