CRAN Package Check Results for Package effects

Last updated on 2024-05-30 00:57:27 CEST.

Flavor Version Tinstall Tcheck Ttotal Status Flags
r-devel-linux-x86_64-debian-clang 4.2-2 20.07 218.22 238.29 WARN
r-devel-linux-x86_64-debian-gcc 4.2-2 14.51 157.00 171.51 WARN
r-devel-linux-x86_64-fedora-clang 4.2-2 292.14 OK
r-devel-linux-x86_64-fedora-gcc 4.2-2 288.31 OK
r-devel-windows-x86_64 4.2-2 14.00 206.00 220.00 OK
r-patched-linux-x86_64 4.2-2 26.03 210.58 236.61 OK
r-release-linux-x86_64 4.2-2 11.05 210.88 221.93 OK
r-release-macos-arm64 4.2-2 88.00 OK
r-release-windows-x86_64 4.2-2 14.00 200.00 214.00 OK
r-oldrel-macos-arm64 4.2-2 97.00 OK
r-oldrel-macos-x86_64 4.2-2 175.00 OK
r-oldrel-windows-x86_64 4.2-2 20.00 228.00 248.00 OK

Check Details

Version: 4.2-2
Check: re-building of vignette outputs
Result: WARN Error(s) in re-building vignettes: ... --- re-building ‘functions-supported-by-effects.Rnw’ using knitr Warning in eng_r(options) : Failed to tidy R code in chunk 'unnamed-chunk-2'. Reason: Error : The formatR package is required by the chunk option tidy = TRUE but not installed; tidy = TRUE will be ignored. --- finished re-building ‘functions-supported-by-effects.Rnw’ --- re-building ‘partial-residuals.Rnw’ using knitr Error: processing vignette 'partial-residuals.Rnw' failed with diagnostics: Running 'texi2dvi' on 'partial-residuals.tex' failed. LaTeX errors: ! Undefined control sequence. l.123 \hldef {mvrunif} \hlkwb{<-} \hlkwa{function}\hldef{(}\hlkwc{n}\hldef{,}... ? ! Emergency stop. l.123 End of file on the terminal! ! ==> Fatal error occurred, no output PDF file produced! --- failed re-building ‘partial-residuals.Rnw’ --- re-building ‘predictor-effects-gallery.Rnw’ using knitr --- finished re-building ‘predictor-effects-gallery.Rnw’ SUMMARY: processing the following file failed: ‘partial-residuals.Rnw’ Error: Vignette re-building failed. Execution halted Flavors: r-devel-linux-x86_64-debian-clang, r-devel-linux-x86_64-debian-gcc