CRAN Package Check Results for Package edrGraphicalTools

Last updated on 2020-05-29 07:53:55 CEST.

Flavor Version Tinstall Tcheck Ttotal Status Flags
r-devel-linux-x86_64-debian-clang 2.2 5.43 46.96 52.39 OK
r-devel-linux-x86_64-debian-gcc 2.2 4.29 36.42 40.71 OK
r-devel-linux-x86_64-fedora-clang 2.2 62.92 OK
r-devel-linux-x86_64-fedora-gcc 2.2 62.14 OK
r-devel-windows-ix86+x86_64 2.2 21.00 119.00 140.00 OK
r-patched-linux-x86_64 2.2 5.40 47.42 52.82 OK
r-patched-solaris-x86 2.2 93.70 OK
r-release-linux-x86_64 2.2 6.01 46.42 52.43 OK
r-release-osx-x86_64 2.2 OK
r-release-windows-ix86+x86_64 2.2 14.00 117.00 131.00 OK
r-oldrel-osx-x86_64 2.2 WARN
r-oldrel-windows-ix86+x86_64 2.2 18.00 83.00 101.00 OK

Check Details

Version: 2.2
Check: whether package can be installed
Result: WARN
    Found the following significant warnings:
     Warning: 'rgl_init' failed, running with rgl.useNULL = TRUE
Flavor: r-oldrel-osx-x86_64